). Let h = -46 - k. Suppose -h*d + 213 = -7. Calculate the highest common divisor of 10 and d.
10
Suppose -13 = 2*r - 41. Suppose 7*p + 6 + 8 = 0. Let z(q) = 4*q**2 - 3*q - 1. Let o be z(p). What is the greatest common divisor of o and r?
7
Suppose 331*p - 16575 = 280*p. What is the highest common factor of 351 and p?
13
Let c be ((-32)/(-40))/((-1)/(10/(-4))). Suppose 54 = 3*l - 2*s, -3*l + c*s = 2*l - 94. Calculate the highest common factor of l and 180.
20
Suppose 3*u = -3, -2793*j + u + 856 = -2790*j. Suppose 2*y - 3 + 29 = r, 0 = -5*y + 10. Calculate the highest common divisor of j and r.
15
Suppose -1263*p + 1259*p - 180 = 0. Let a(x) = x**3 + 47*x**2 + 88*x - 88. Let j be a(p). What is the greatest common factor of 32 and j?
2
Let w = 3169 - 2844. What is the highest common factor of w and 1040?
65
Let v(i) = 41*i**2 + 132*i + 110. Let c be v(20). Calculate the highest common factor of c and 50.
50
Suppose 3*f - 3*n = 114, 52 + 24 = 2*f - n. Suppose 0*b + b - 19 = 0. Calculate the greatest common divisor of b and f.
19
Suppose -8550 + 31119 = 16*h - 10391. Calculate the highest common factor of 180 and h.
20
Suppose 0 = 4*r - 35*j + 38*j - 1792, 5*r - 2240 = -3*j. Let c(q) = -q**3 + 15*q**2 - 12*q. Let g be c(14). Calculate the greatest common divisor of g and r.
28
Suppose 3*p + q - 325 = -4*q, 13*p = -3*q + 1483. Calculate the highest common factor of 10 and p.
5
Suppose -47*i + 36 = -44*i. Let q = 14 + -11. Suppose 3*l + 4*z - 304 = 0, -2*l + 106 = q*z - 95. What is the highest common factor of i and l?
12
Let u(m) be the first derivative of 27*m**2/2 + 238*m + 253. Let s be u(-8). Calculate the greatest common factor of 77 and s.
11
Let s = -22441 + 22481. Calculate the greatest common factor of 3690 and s.
10
Let g be (-73 - -65)*246/(-48). Calculate the highest common factor of g and 1312.
41
Let o = 27 + -15. Suppose 105*r = 138*r - 396. Calculate the highest common factor of r and o.
12
Let g be (-2)/8*382 + (-1)/2. Let j = g + 104. Suppose 0 = 4*s + 4*k - 364, s + 8*k - 12*k = 76. What is the greatest common factor of j and s?
8
Suppose -2*m = -2*o - 8, 6*m - 3*m - 12 = 2*o. Let c = 420 - 168. Let b be (-2)/(-8)*m - c/(-3). What is the highest common factor of 34 and b?
17
Suppose a - 19 = -0*d + 5*d, 0 = 5*d + 5. Suppose 3 = m, 2*f + 5*m - 15 = 4. Calculate the highest common factor of a and f.
2
Let a(f) = f - 4. Let l be a(8). Suppose -1 = l*r - 57. Let u(v) = v**3 - 14*v**2 + 2*v - 13. Let g be u(r). Calculate the greatest common factor of 105 and g.
15
Let k be 4137/49 + (-12)/(-21). Let p be k/7 + (-56)/49. Calculate the highest common divisor of p and 517.
11
Suppose 874 + 656 = 45*s - 90. What is the greatest common divisor of s and 200?
4
Let i be (-3)/(2/(8/(-3))). Let b = -625 - -657. Suppose 19*p - b*p = -13. What is the highest common divisor of p and i?
1
Let p = -18359 + 18749. What is the highest common divisor of p and 208?
26
Let a(j) = -j**3 + 22*j**2 + 3*j + 2. Let y be a(22). Let c = -68 + y. Suppose -22 = -2*f - c*f. What is the greatest common divisor of f and 1?
1
Let m = -2 - -13. Suppose 0 = 43*b - 553 + 80. Calculate the greatest common divisor of m and b.
11
Suppose 3*b - 495 = 3*n, 0 = 5*n - 2*b + 1152 - 333. Let v = n + 191. What is the greatest common divisor of v and 28?
28
Let q = 39375 - 3040. Calculate the highest common factor of 215 and q.
215
Let z = 430 + -390. Suppose 144 - z = 8*v. What is the highest common divisor of v and 338?
13
Let p(u) = 2*u**2 + 12*u + 66. Let d be p(-10). Let m = 164 - d. Let i = -1 - -3. What is the highest common factor of m and i?
2
Suppose 5*m - 679 = 3*l + 436, -l = -4*m + 885. What is the greatest common divisor of m and 60?
20
Suppose -12*l - 14379 = -62*l + 371. Calculate the greatest common factor of 1888 and l.
59
Suppose -3*b - 1824 = -4*n, 20*n - 23*n + 5*b = -1368. Suppose 4*u - 11*u = -399. Calculate the greatest common factor of n and u.
57
Let y = 59 + -28. Suppose 4*u - y - 137 = 0. What is the greatest common divisor of 6 and u?
6
Let j be ((-48)/(-7) - 6)/(36954/(-7392) + 5). Calculate the highest common divisor of j and 1122.
66
Suppose s + 5*v - 12 = 2*v, -3*s - 5*v = -24. Suppose s*f + 66 = 14*f. What is the highest common divisor of 78 and f?
6
Let p be 7/((-2)/(-2)) + (-31 - -32). Suppose r = -3*g - 19 - p, -3*r = -9. Let o be (8/g)/(1/(-75)). Calculate the highest common factor of 12 and o.
12
Let y be 3481/9 - (-3)/36*104/39. What is the highest common divisor of 215 and y?
43
Suppose -2*x + a - 48443 = -7*x, x = -4*a + 9662. Calculate the greatest common factor of 210 and x.
30
Suppose 5*x = -32*x + 222. Suppose 3*w + 7 = y, -x*y = -7*y + w + 11. Calculate the greatest common divisor of 52 and y.
13
Suppose -14*g + 134 + 230 = 0. What is the highest common divisor of g and 1404?
26
Let m(s) = 2*s + 5. Let o be m(-7). Let g be o/((-45)/1070) - -5. Suppose -11*k + 1319 - g = 0. What is the highest common divisor of k and 20?
20
Suppose -3*t + 51 = 2*f, 0 = 2*f - 6*f - 2*t + 82. What is the greatest common factor of f and 306?
18
Let a(x) = 4*x**2 - 10*x + 20. Let p be -8*((-105)/108 - (-2)/9). Let b be a(p). Let y = b + -16. Calculate the greatest common divisor of y and 8.
8
Let j(k) = -k**3 + 2*k**3 + k**3. Let p be j(1). Suppose 291 = 2*c + g + 2*g, -p*g + 449 = 3*c. What is the highest common factor of c and 17?
17
Let y(k) = k**2 - 9498*k + 32. Let l be y(0). Suppose -j = -3*j + 32. What is the highest common factor of j and l?
16
Let d(j) = -j**3 + 26*j**2 + 28*j + 9. Let q be d(27). What is the greatest common factor of 225 and q?
9
Suppose -v = v + a - 72, 5*a = 5*v - 180. Let n be 0*3*(-4)/v. Suppose 2*q = n, 133 = -5*y - 4*q + 463. What is the highest common factor of y and 6?
6
Let r = 4786 + -2361. Calculate the greatest common factor of r and 97.
97
Let r = -471 + 488. Let f(o) be the third derivative of o**4/8 + 3*o**3/2 - 6*o**2. Let n be f(r). What is the greatest common factor of n and 150?
30
Let h = 687 + -311. Let q = -338 + h. Calculate the greatest common factor of 95 and q.
19
Let x(d) = 113*d + 2146. Let y be x(-15). Calculate the greatest common divisor of y and 410.
41
Let b = 59 - -55. Let x be ((-96)/(-240))/(1/80). Suppose -8*n = -184 + x. Calculate the greatest common divisor of n and b.
19
Suppose 24 = r - v - 74, 2*v - 398 = -4*r. Let u = 17 + -6. Calculate the greatest common divisor of u and r.
11
Let w(x) = 3*x**3 - 8*x**2 - 33*x - 49. Let h be w(14). Calculate the highest common divisor of 21 and h.
21
Let s be 21 + (-149004)/(-48) + (-1)/4. What is the greatest common divisor of 50 and s?
25
Let g(v) = v**3 - v**2 - 13*v + 3. Let c be g(3). Let n(u) = -u**3 - 14*u**2 + 48*u + 75. Let w be n(c). Calculate the greatest common divisor of 39 and w.
39
Suppose -5*c - 929 = 2*u, u + 0*u + 481 = 3*c. Suppose 4*p + 5*o - 673 = 2496, 4*o - 3959 = -5*p. Let b = p + u. What is the highest common divisor of 29 and b?
29
Suppose 7*s = -4*s - 33. Let x be (s/(-9))/((-5)/(-315)). Calculate the highest common factor of x and 7.
7
Let c = 509 - 505. What is the highest common factor of c and 46?
2
Let b = 901 - 775. Suppose -m = -5*d - 166, -5*m + 6*m + 174 = -5*d. Let y = d - -52. What is the greatest common divisor of b and y?
18
Suppose -1 = 2*f + 3*x - 8, 9 = 2*f + x. Suppose -13 + 3 = f*a. Let y be 146/7 - a/14. Calculate the greatest common divisor of 21 and y.
21
Let i(d) = d**3 - 69*d**2 + 78*d - 455. Let y be i(68). What is the highest common factor of 800 and y?
25
Let h = -129 + 132. Suppose -2*m = -2*x + 592, -h*x = x + m - 1189. What is the highest common factor of 33 and x?
33
Let a = -9838 - -9846. Let y(x) = -5*x + 9 + x**2 - 4*x + x. Let j be y(7). Calculate the greatest common divisor of j and a.
2
Suppose 2*y + 4392 = 6*y - 3*i, -3*y + i + 3299 = 0. Suppose -24*x + 17619 = -y. Calculate the highest common factor of x and 60.
60
Let u = 133 - 349. Let k = u - -364. What is the highest common factor of k and 4?
4
Let i be 6979/1001 - (-16)/(-104) - 2/(-11). Let p(q) = -12*q + q**2 + 1 + q**2 + 3. Let h be p(i). What is the greatest common factor of 2 and h?
2
Let i(k) be the first derivative of -k**2/2 + 33*k + 5. Let p be i(0). Let h(l) = 14*l - 81. Let g be h(6). Calculate the greatest common di